{"id":787,"date":"2016-10-19T10:46:38","date_gmt":"2016-10-19T08:46:38","guid":{"rendered":"http:\/\/oriti\/?page_id=787"},"modified":"2016-10-19T12:54:40","modified_gmt":"2016-10-19T10:54:40","slug":"chisiamo","status":"publish","type":"page","link":"https:\/\/oriti.ch\/index.php\/chisiamo\/","title":{"rendered":"Chi siamo"},"content":{"rendered":"<p>[vc_row full_width=&#8221;stretch_row&#8221; css=&#8221;.vc_custom_1464357498810{background-color: #f5f4f4 !important;}&#8221;][vc_column][vc_empty_space height=&#8221;30px&#8221;][vc_row_inner][vc_column_inner width=&#8221;1\/2&#8243;][tt_rp_title_shortcode title=&#8221;Oriti sa&#8221; title_size=&#8221;20&#8243; show_sp=&#8221;yes&#8221;][tt_rp_image_shortcode image=&#8221;391&#8243;][vc_empty_space height=&#8221;50px&#8221;][vc_column_text css_animation=&#8221;top-to-bottom&#8221;]La ditta Oriti SA \u00e8 un&#8217;azienda con sede a Lugano che opera nel settore delle installazioni elettriche. Siamo presenti sul mercato del Canton Ticino dal lontano 1994. Grazie alla nostra tenacia e perseveranza negli anni ci siamo costantemente evoluti e abbiamo acquisito referenze che hanno permesso la nostra crescita ed affermato la nostra capacit\u00e0 tecnica.[\/vc_column_text][\/vc_column_inner][vc_column_inner width=&#8221;1\/2&#8243;][tt_rp_title_shortcode title=&#8221;Perch\u00e8 lo facciamo&#8221; title_size=&#8221;20&#8243; show_sp=&#8221;yes&#8221;][tt_rp_image_shortcode image=&#8221;388&#8243;][vc_empty_space height=&#8221;50px&#8221;][vc_column_text css_animation=&#8221;top-to-bottom&#8221;]La nostra competenza al Vostro servizio. Il nostro core business \u00e8 rappresentato dalla realizzazione di impianti elettrici di alta qualit\u00e0 e sicurezza. Abbiamo una spiccata preferenza nell&#8217;installazione di impianti domotici poich\u00e8 riusciamo a rendere la vostra casa unica nel suo genere, grazie alle innumerevoli personalizzazione che la domotica permette di fare.[\/vc_column_text][\/vc_column_inner][\/vc_row_inner][\/vc_column][\/vc_row]<\/p>\n","protected":false},"excerpt":{"rendered":"<p>[vc_row full_width=&#8221;stretch_row&#8221; css=&#8221;.vc_custom_1464357498810{background-color: #f5f4f4 !important;}&#8221;][vc_column][vc_empty_space height=&#8221;30px&#8221;][vc_row_inner][vc_column_inner width=&#8221;1\/2&#8243;][tt_rp_title_shortcode title=&#8221;Oriti sa&#8221; title_size=&#8221;20&#8243; show_sp=&#8221;yes&#8221;][tt_rp_image_shortcode image=&#8221;391&#8243;][vc_empty_space height=&#8221;50px&#8221;][vc_column_text css_animation=&#8221;top-to-bottom&#8221;]La ditta Oriti SA \u00e8 un&#8217;azienda con sede a Lugano che opera nel settore delle installazioni elettriche. Siamo presenti sul mercato del Canton Ticino dal lontano 1994. Grazie alla nostra tenacia e perseveranza negli anni ci siamo costantemente evoluti e abbiamo acquisito [&hellip;]<\/p>\n","protected":false},"author":1,"featured_media":0,"parent":0,"menu_order":0,"comment_status":"closed","ping_status":"closed","template":"","meta":[],"_links":{"self":[{"href":"https:\/\/oriti.ch\/index.php\/wp-json\/wp\/v2\/pages\/787"}],"collection":[{"href":"https:\/\/oriti.ch\/index.php\/wp-json\/wp\/v2\/pages"}],"about":[{"href":"https:\/\/oriti.ch\/index.php\/wp-json\/wp\/v2\/types\/page"}],"author":[{"embeddable":true,"href":"https:\/\/oriti.ch\/index.php\/wp-json\/wp\/v2\/users\/1"}],"replies":[{"embeddable":true,"href":"https:\/\/oriti.ch\/index.php\/wp-json\/wp\/v2\/comments?post=787"}],"version-history":[{"count":8,"href":"https:\/\/oriti.ch\/index.php\/wp-json\/wp\/v2\/pages\/787\/revisions"}],"predecessor-version":[{"id":843,"href":"https:\/\/oriti.ch\/index.php\/wp-json\/wp\/v2\/pages\/787\/revisions\/843"}],"wp:attachment":[{"href":"https:\/\/oriti.ch\/index.php\/wp-json\/wp\/v2\/media?parent=787"}],"curies":[{"name":"wp","href":"https:\/\/api.w.org\/{rel}","templated":true}]}}